ctors of v?
5
Let v(g) = 107*g - 51. List the prime factors of v(5).
2, 11
Let z = -669 - -1017. List the prime factors of z.
2, 3, 29
Let x(g) = 12*g**2 + g - 2. Let o be x(1). Suppose -47 = o*b - 3721. What are the prime factors of b?
2, 167
Let w(s) = s**2 + 6*s - 5. Suppose -20 = 5*b + 4*l, -4*b - l = -b + 19. What are the prime factors of w(b)?
11
Let p(c) = 31*c + 4. Let h(v) = -6*v - 1. Let k(g) = -11*h(g) - 2*p(g). List the prime factors of k(4).
19
Let j(g) = g + 1 + 4*g + 901*g**2 - 899*g**2 + 4. Suppose -3*b = -2*v + 5, 3*b = -5*v + 5*b - 4. What are the prime factors of j(v)?
3
Suppose -294*a + 73494 = -267*a. What are the prime factors of a?
2, 1361
Let z = -6 - -8. Suppose 0 = 3*m + 2*s - 633, z*s + 612 = 3*m - 3*s. Suppose m = 5*r + 3*n, -4*r + n + 77 = -2*r. What are the prime factors of r?
2, 5
Let k be 4*(3 - (-7)/(-2)). Let n be (2/1)/(k/(-13)). Suppose -2*j + n = -27. List the prime factors of j.
2, 5
Let j be 558/((-3 - 0)/(-3)). Suppose 3*x - j = 5*w, -w - 744 = -4*x - 6*w. What are the prime factors of x?
2, 3, 31
Let b = -12 - -20. Let x = -15 - -5. Let h = b - x. What are the prime factors of h?
2, 3
Suppose -135 = -d + 209. List the prime factors of d.
2, 43
Suppose 126 = 5*s - 39. Suppose 18*j - 12*j - 12 = 0. Suppose -z = -3*a + z + 107, -j*z = -a + s. List the prime factors of a.
37
Let s(t) = 2*t - 23. Let p be s(14). Suppose -p*f + 2*i + 177 = -0*i, 4*f + 2*i = 156. List the prime factors of f.
37
Suppose 89*y - 87*y - 2128 = -4*k, -3*k + 1590 = 3*y. What are the prime factors of k?
2, 3, 89
Let i = 27 - 24. Suppose 3*z = -q + 220, -3*q + 88 - 328 = -i*z. List the prime factors of z.
3, 5
Let f be 1*1*(-9)/(-3)*1. Suppose -f*s - 5*m + 415 = -s, -2*m = -2. What are the prime factors of s?
5, 41
Suppose 1 = 3*i - 8. Suppose i*v = -2*v + 450. List the prime factors of v.
2, 3, 5
Suppose 3 = -w, -5*h - 13*w + 17*w + 1747 = 0. List the prime factors of h.
347
Let f(w) be the first derivative of 13*w + 1/3*w**3 - 5*w**2 + 6. List the prime factors of f(11).
2, 3
Let y(k) = 27*k - 41. Let z be y(9). Suppose z*v - 206*v = -320. List the prime factors of v.
2, 5
Suppose -c = 4*m - 1171, 0*m = -m - 4*c + 289. List the prime factors of m.
293
Let v(f) = 1 - 12 + 10*f - f**2 - 1. What are the prime factors of v(6)?
2, 3
Let p be -4 + 2 + 7 + 5. Let v = p + 7. Let w = -10 + v. List the prime factors of w.
7
Let n(l) = 2*l**2 + 6*l - 6. Let k be n(1). Suppose -2*t - 4 = 4*c - 20, 2*t = 4*c. Suppose -o + s + 13 = 0, k*o + t*s - 20 = -0*s. List the prime factors of o.
2, 3
Let u be -2 - (-3 + -1 - 2). Suppose -u*r + 75 = r. Let m = 67 - r. List the prime factors of m.
2, 13
Let s be (2 - 3)/(856/(-284) + 3). Let n = s + -68. What are the prime factors of n?
3
Suppose 0 = 28*h - 24*h - 980. List the prime factors of h.
5, 7
Suppose 5382 = -12*p + 14*p - 2*f, -13446 = -5*p + 2*f. List the prime factors of p.
2, 3, 7
Let q = 84 - 83. List the prime factors of 43*(4 + -1)*(0 + q).
3, 43
Suppose 4*b - z = 9283, 13*b = 17*b + 4*z - 9288. What are the prime factors of b?
11, 211
Suppose -4*n = g - 6 - 11, 4*g = n. What are the prime factors of 15/2 + g/2?
2
Let x be ((-5)/(-1))/(2/52). Let s = -72 + x. What are the prime factors of s?
2, 29
Suppose 16 - 4 = 3*z. Suppose 0*l = -4*l + 5*b + 223, 0 = z*l - 3*b - 217. List the prime factors of l.
2, 13
Let t = 332 - 570. Let r = -122 - t. What are the prime factors of r?
2, 29
Suppose 0 = 3*h - 5*o - 8015, -4*h - 4*o + 10675 = o. What are the prime factors of h?
2, 3, 5, 89
Let z(r) = 31*r**3 - 11*r**2 + 8*r + 12. What are the prime factors of z(3)?
2, 3, 43
Let h(z) = 0 - 4 - 4 + 11*z + 6. List the prime factors of h(1).
3
Let q(d) be the third derivative of -d**6/120 + d**5/6 - d**4/4 - 5*d**3/6 - 8*d**2. List the prime factors of q(8).
3, 5
Suppose 0 = 3*i - 5*i + 36. Let z be (-4)/i - 736/(-72). Suppose -4 + z = 2*a. List the prime factors of a.
3
Suppose 5*q = s + 4, 8 = -4*s + 2*s. Suppose -4*g = 2*m - 8, -3*m + 0*m - 12 = q. Suppose -235 = -g*o - o. List the prime factors of o.
47
Let g(u) = -u**3 + 12*u**2 + 10*u - 24. Let d(j) = -j**2 + 9*j - 2. Let c be d(7). List the prime factors of g(c).
2, 3
Let f = -160 + 116. Let l(s) = -16*s - 4. Let r be l(-6). Let o = r + f. What are the prime factors of o?
2, 3
Suppose -19 = 3*s + 4*v, 4*s - 3*v + 15 = 2*v. What are the prime factors of 6/(-225)*s + (-2666)/(-30)?
89
Let b = 9 - 8. Let t(x) = -47*x**2 + 2*x - 1. Let n be t(b). Let r = n + 76. List the prime factors of r.
2, 3, 5
Suppose -20*l = -45*l + 76775. List the prime factors of l.
37, 83
Let h be (20/6)/(9/27). Suppose n = -3*j + h, -7 = -5*j - 2*n + 8. Suppose 13 = j*q - 62. List the prime factors of q.
3, 5
Let f = -118 - -121. Suppose f*t + 25 = 760. List the prime factors of t.
5, 7
Suppose 4*p + 0 = -k + 6, -3*k - 5*p = -4. Let a be (96/60)/(k/10). List the prime factors of (53/1)/((-8)/a).
53
Let g = 6697 - 2656. What are the prime factors of g?
3, 449
Let s(k) = -4*k**3 + 10*k**2 + 26*k + 3. Let w(d) = 3*d**3 - 10*d**2 - 26*d - 4. Let b(n) = -2*s(n) - 3*w(n). List the prime factors of b(12).
2, 3, 5
Let l(w) = -w**2 + 9*w + 8. Let v be l(8). Let m be (-876)/v - (-2)/(-8). Let o = 79 + m. List the prime factors of o.
2, 3
List the prime factors of (-6764)/(-8) + -1 + 15/10.
2, 3, 47
Let v(h) = -h**3 + h**2 + 4*h - 3. Let l be v(3). Let u be 3/(-12) + (-2542)/8. List the prime factors of u/l + (-6)/18.
5, 7
Suppose -45 = -3*h + 9. Let i = h - 17. Suppose -2*w + i + 61 = 0. What are the prime factors of w?
31
Let z be 2/(-14) + (-2 - 30/(-14)). Suppose o + t - 71 = z, -4*t = -20 + 4. List the prime factors of o.
67
Let l = -4290 - -6369. List the prime factors of l.
3, 7, 11
Let c(f) = 2*f**2 + 8*f + 38. List the prime factors of c(-13).
2, 17
Let y be 2/3*294/4. Suppose -3*h = -m - 303, 4*h - 5*h + 109 = -3*m. Let n = h - y. List the prime factors of n.
3, 17
Let y(c) = -c**3 - 5*c**2 - 7*c - 8. Let n be y(-4). Suppose 5*i = s + 93 - 363, -4*s - n*i = -1008. What are the prime factors of s?
3, 5, 17
Suppose 2*h + 22 + 18 = 0. Let o be (8/h)/(1/(-85)). List the prime factors of o - (-1 + 2 + -1).
2, 17
Let z = 10 - 15. Let a be (-323)/z + (-2)/(-5). Suppose 0 = -3*m + 2*p + 35 + a, -3*p = 6. List the prime factors of m.
2
Let b(p) = p**2 + 5*p. Let y be b(-5). Let c be (y - -1)*(-13 + 92). Suppose u = -3*f + c, -3*u - 2*f + 106 = -103. What are the prime factors of u?
67
Let i = 22 - 16. Let g = 14 + -13. List the prime factors of ((-2)/i)/(g/(-39)).
13
Let z(s) = s**2 + 5*s - 4. Let r be z(4). Suppose -27*q = -r*q + 235. List the prime factors of q.
47
Suppose 19*b - 20*b + 43 = 0. List the prime factors of b/((-2 - 3) + 6).
43
Suppose i - y - 4889 = 0, 9776 = 21*i - 19*i - 4*y. List the prime factors of i.
2, 3, 5, 163
List the prime factors of 2723/6 + 2/12.
2, 227
Suppose -4*j - 1616 = -4*o, 4*o - 4*j + 1205 = 7*o. List the prime factors of o.
13, 31
Let o be ((-2)/3)/(3/387). Let z = 151 + o. What are the prime factors of z?
5, 13
Let a = 2337 + 1825. List the prime factors of a.
2, 2081
Let j(g) = -11*g**3 + 12*g**3 - 1 + g - 2*g**3. Let h(b) = 4*b**3 + 8*b**2 - 10*b - 1. Let f(x) = -h(x) - 3*j(x). List the prime factors of f(-9).
2, 11
Let h be 57/11 - (-22)/(-121). Suppose -h*n = -d - 56, -3*d - 215 = -n - 19. List the prime factors of d/(-8) - (-9)/(-36).
2
Let m be (-72)/9 + 0 + 2. Let a = 10 + m. Suppose 0 = f - 3*h - 3 + 6, -a*f + h + 43 = 0. List the prime factors of f.
2, 3
Suppose 18*k - 19*k = 0, -5*s + 27350 = -3*k. List the prime factors of s.
2, 5, 547
Let m be (-18)/(-4)*(3 - 1). Let g be 52/(-10)*(0 + -5). Suppose -y - 4*p + g = -m*p, -p + 8 = y. List the prime factors of y.
11
Let t = 1 + 25. What are the prime factors of t*(4 + -6 - 9/(-2))?
5, 13
Suppose -c - 6376 - 547 = -4*g, 0 = 2*g + 5*c - 3445. List the prime factors of g.
2, 5, 173
List the prime factors of 10245/7 - (-80)/(-140).
7, 11, 19
Suppose -3*w - 4 = 3*d - 58, 3*w - 22 = 5*d. Let g(v) = -v**2 + 15*v - 11. List the prime factors of g(w).
3
List the prime factors of (63/28 - (-3)/12)*22.
5, 11
Let g(b) = -b - 5. Let i be g(-4). What are the prime factors of i + 4 + (-2 - -30)?
31
Let a = 379 + -217. What are the prime factors of a?
2, 3
Let u(g) = g**2 + 5*g + 13. Let o(j) = j**2 + 7*